 Let w = q - 93. What is the tens digit of w?
4
Suppose 22*p - 580 = 17*p. Suppose -8*f + p = -20. What is the units digit of f?
7
Let j(z) = 3*z**3 + 10*z + 2*z**2 - 10*z**3 + 3*z**3 + 18. What is the tens digit of j(-4)?
6
Let o(n) = n**3 - 6*n**2 - 13*n + 21. Suppose -2*q - 10 = -4*q - 2*l, -4*q + 5*l = -47. What is the units digit of o(q)?
5
What is the hundreds digit of (16464/20 - 0) + (-4)/20?
8
Suppose -7*k + 2003 + 2127 = 0. What is the hundreds digit of k?
5
Suppose f = 3*f - 6. Suppose -4*w - 16 = -4*g, -4*w + f*g - g - 16 = 0. What is the units digit of (-2)/(-4) + (-14)/w?
4
Suppose 3*c + 5*w - 2200 = 0, 0 = 5*c - w - 2863 - 813. What is the units digit of c?
5
Let r(s) = 42*s**3 + 2*s**2 + 2*s - 1. Let a be r(2). Let l = a - 210. Suppose -2*p = 5*z - 77, 4*p - 5*z + 28 - l = 0. What is the tens digit of p?
3
Let t be (0 + (-33)/(-9))/(3/216). Suppose 5*h + 4*s - 1294 = 0, -s + t + 256 = 2*h. What is the units digit of h?
2
Suppose -3*g - 6*w + 10*w = -3911, -g - w = -1299. What is the thousands digit of g?
1
Suppose 4*y + 3*l = -2*l + 3385, -5*y - l + 4205 = 0. What is the tens digit of y?
4
Let p be 64/6 + 4/12. Let w = p - 13. What is the units digit of (w + 0)*225/(-10)?
5
Let l(h) = -h - 10. Let k be l(-10). Suppose -3*s - 235 = -n, k = n + s + 62 - 285. What is the tens digit of n?
2
Let w = -1030 - -1480. What is the tens digit of w?
5
Let t(g) = 5*g**3 - 16*g**2 + 6*g + 1. Let a(z) = z**3 - z**2 + z + 1. Let f(u) = 6*a(u) - t(u). What is the units digit of f(-10)?
5
Suppose 11*m - 6277 - 9750 = 0. What is the tens digit of m?
5
Let z = 344 + 567. What is the hundreds digit of z?
9
Let q be 1/((0 + -3)/(-168)). Suppose -w - n + 16 = 0, 2*w - q = n + 3*n. Suppose 5*u = -2*s + 12, -3*u + w = -0*s - 2*s. What is the units digit of u?
4
Suppose 0 = -21*w + 642 + 2865. What is the tens digit of w?
6
Let v be (1/(-2) + 1 - 1)*78. Let k = 120 + v. What is the tens digit of k?
8
What is the thousands digit of (-528)/11*(-935)/10?
4
What is the hundreds digit of (-9)/(-15) - 34308/(-45)?
7
What is the tens digit of (-8)/((-4)/(-2))*182/(-52)?
1
Suppose 5*n = 10 + 5. Suppose 0 = -s + n, -5*x - 3*s + 0*s = -9. Suppose -2*u - 10 = x, 0*f + 116 = 3*f + 2*u. What is the units digit of f?
2
Let x(i) = 5*i**3 + i**2. Let g be x(-1). Let b be (-102)/g + (-1)/(-2). Suppose 0*t - t = -b. What is the units digit of t?
6
Let f = 861 - 569. Suppose 8*n = 7*n + f. What is the units digit of n?
2
Let n(r) = -4*r + 13. Let x be n(12). Let a = x - -44. What is the units digit of a?
9
What is the hundreds digit of (9 + -3 + 0)*(-5457)/(-34)?
9
Let l(k) = -2*k - 12. Let u be l(-5). Suppose -2*y = 2*q - 2, -3*y + 4*q + 3 = 3*q. What is the units digit of u + y + 2 + 6?
7
Suppose 577 = 3*r - 50. Suppose 53 = 13*w + 1. Suppose m - 3*c = 29, w*m + m + c = r. What is the tens digit of m?
4
Suppose -2*q - 7*o + 8*o + 3118 = 0, 5*o = -q + 1581. What is the tens digit of q?
6
Suppose 8*a = 5*a. Suppose -4*b + 14 + 2 = a. Suppose 2*p - 12 = -b*p. What is the units digit of p?
2
Let m = -6 - -48. Let v = m - 36. What is the units digit of v?
6
Let c = 9 - 9. Suppose 5*k - 2*p - 460 - 10 = c, -2*k + 194 = -2*p. Suppose -4*x = -60 - k. What is the units digit of x?
8
Suppose 6*s = 10*s - 44. Let a = 1 + s. Suppose -a*v + 24 = -8*v. What is the units digit of v?
6
Suppose -3*r + 624 - 171 = 0. What is the hundreds digit of r?
1
Suppose 5*g = h + 6 - 26, 3*h - 4*g = 16. Let z be -2 - h - 52/(-2). Suppose z = 5*i - 4*s - 50, 64 = 4*i - 2*s. What is the tens digit of i?
1
Suppose 7*h - 19 = -5. Suppose 0 = -3*q + r + h, 0 + 6 = -3*r. What is the units digit of q + (5 - 3) + 45?
7
Let k(l) be the first derivative of 3*l**4/2 + l**3/3 + l**2/2 - 2*l - 7. Let s be (-4)/(-10)*(5 - 0). What is the units digit of k(s)?
2
Let f = 119 - -6. Suppose 2*k = -0*k - 2*r - 50, f = -5*k + 4*r. Let h = -11 - k. What is the units digit of h?
4
Let o = 460 - 350. Let p be 1536/10 - 2/(-5). Let b = p - o. What is the tens digit of b?
4
Let m be ((-4)/6)/(2/(-18)). Let p(w) be the second derivative of w**4/12 - w**3/2 + 2*w**2 + 84*w. What is the units digit of p(m)?
2
Suppose 626 - 208 = v + 4*d, 5*v + 4*d = 2010. What is the hundreds digit of v?
3
Let h(x) be the third derivative of 23*x**5/15 + x**4/24 - x**3/2 + 53*x**2. What is the units digit of h(1)?
0
Let m be ((-128)/48)/(1/9). Let f = -3 - m. What is the units digit of f?
1
Let l be -2 - -3 - 4 - 2. Let r = 17 + -8. Let b = r + l. What is the units digit of b?
4
Let d(w) = -4*w + 1829. What is the thousands digit of d(0)?
1
Let l = -449 + 1027. Suppose 13*z - 1151 - l = 0. What is the units digit of z?
3
Let w(f) = -4*f**3 - 12 + 11 + 3*f**2 + 0*f**2 - 2*f**2. Let a be w(-2). Suppose 3*b - a - 40 = 0. What is the tens digit of b?
2
Let p be (-7)/1 + -2 + 0. Let b(t) = 2*t**2 + 12*t + 7. What is the units digit of b(p)?
1
Let v(g) = g**2 - g - 1. Let p(w) = -16*w**2 + 7*w + 4. Let s(r) = -p(r) - 5*v(r). What is the units digit of s(-2)?
9
Suppose 429 = -2*n - 0*m - 3*m, -4*m + 1038 = -5*n. Let u = 294 + n. What is the units digit of u?
4
Let t(r) = 3*r**2 + 2*r - 24. What is the hundreds digit of t(-11)?
3
Let f(l) = l. Let q be f(1). Let p = 2 + q. Suppose 64 = p*v + v. What is the tens digit of v?
1
What is the units digit of (-209)/(-1) + 6/60*50?
4
Let t = 2 + 1. Suppose b = -2*k + 70, 2*k = -b + t*k + 55. What is the tens digit of b?
6
What is the thousands digit of (1/4 + -1)/((-53)/184016)?
2
Let x = 20 - 10. Let s be (5/x)/(1/16). What is the units digit of (-7)/28 + 122/s?
5
Let o be -38*(2 + -4 + 0). Let y = 107 - o. What is the units digit of y?
1
Suppose -12 + 8 = -2*t. What is the units digit of (23 + t + 4)*7?
3
Suppose 8*h - 7020 = 2372. What is the tens digit of h?
7
Let t(r) = 6*r + 2. Let a be t(7). Suppose f = 2*x - 43, -4*x - 2*f + a = -38. What is the units digit of x?
1
Let q(i) = -70*i + 65. What is the hundreds digit of q(-8)?
6
Suppose 5*h + 3*b = 27, h + b + 1 - 6 = 0. Let v = 8 - h. Suppose 0 = -v*j + 18 + 4. What is the units digit of j?
1
Let l = -7 + -8. Let i = 20 + l. Suppose -i*s - 76 = -306. What is the tens digit of s?
4
Let a(v) = v**2 - v + 94. What is the tens digit of a(18)?
0
Let d(m) = 2*m + 2. Let k be d(-1). Suppose -v + k*v + 59 = 0. What is the tens digit of v?
5
Let x = 41 + -45. What is the units digit of 1355/65 + x/(-26)?
1
What is the hundreds digit of -74 + 74 - (-4 + 0) - -1778?
7
Suppose -8 = 4*s - 4*t, 3*t - 20 = -2*t. Suppose 3*r = x + 4, -r - 2 = -4*r + s*x. Suppose -r*l = 0, 2*p - 2*l - 20 = 28. What is the tens digit of p?
2
Suppose 2*t - 318 = -5*j, -t - 2*t = j - 503. What is the hundreds digit of t?
1
Let m(n) = 4*n**2 + n - 5. Let a be m(-4). Suppose -3*t - 13 = -a. What is the tens digit of t?
1
Suppose 0 = 5*x + 229 + 191. Suppose 4*y = -0*y - 196. Let m = y - x. What is the tens digit of m?
3
Let p(u) = u**2 + 11*u - 10. Let z be p(-8). Let r = 136 + z. What is the hundreds digit of r?
1
Let l(b) = b**3 + 6*b**2 - 4*b + 24. Let y be 561/(-77) + (-2)/(-7). Let a be l(y). Suppose 74 = q + a. What is the tens digit of q?
7
Let y be (0 - 2)/((-13)/13). Suppose 220 + 86 = y*k. What is the units digit of k?
3
Suppose -10*s + 258 = -4*s. Suppose q - 3*k - 7 = 0, 5*q + 2*k - 86 = -0*q. Let m = s - q. What is the units digit of m?
7
Let u = 292 + -168. What is the tens digit of 21/6*u/14?
3
What is the units digit of (-19 + 20)*(587 + 1 + 1)?
9
Suppose 10*p = 135 + 305. Suppose -h - 115 = -6*h. Let y = p - h. What is the tens digit of y?
2
Suppose -k - 42 + 208 = 0. Suppose -3*j - 31 = -k. What is the tens digit of j?
4
Let g be 5/3 + (-4)/6. Suppose 37 = 5*l - 3*b, -l - 5*b = -17 + 4. Let m = g + l. What is the units digit of m?
9
Let b = -34 - -124. Suppose 2*w - 92 = b. What is the units digit of w?
1
Suppose 0 = -q - 0*q + 23. Suppose 8 = -3*n + q. Suppose f = 6*f + n*a - 55, 0 = -4*f + 3*a + 58. What is the units digit of f?
3
Suppose 0 = 6*v - 4*v + 20. Let x = v - -28. Suppose x + 20 = 2*k. What is the tens digit of k?
1
Let t(f) = -f**3 - 2*f + 67. Let i be 0 + -3 + -8 + 11. What is the units digit of t(i)?
7
Let x(y) = -17*y**2 + 3*y + 41. Let v(l) = 4*l**2 - l - 10. Let z(i) = 9*v(i) + 2*x(i). What is the tens digit of z(5)?
2
Let j = -478 + 570. What is the